 -121211101112 (base 3) in base 13?
-b7a0a
-30313154 (base 7) to base 13
-6a5137
What is -111000101120 (base 3) in base 12?
-1042b0
Convert -2165162 (base 7) to base 14.
-6dad9
Convert -3604731 (base 10) to base 9.
-6703676
-8762dd (base 16) to base 11
-5010193
-152343420 (base 6) to base 2
-1100001101101110000100
2272862 (base 9) to base 7
13306202
What is 2031515 (base 6) in base 9?
157802
-230123032 (base 4) to base 10
-181966
-111701 (base 10) to base 6
-2221045
What is -111110001001000100 (base 2) in base 9?
-427133
What is -63bb4 (base 14) in base 5?
-30203132
What is -55052255 (base 6) in base 4?
-12100120223
Convert 155cc (base 14) to base 9.
81087
85757a (base 11) to base 10
1371622
What is -11454264 (base 8) in base 13?
-69cb37
-33703 (base 16) to base 5
-23220231
Convert -8c782 (base 16) to base 9.
-1066221
127394 (base 12) to base 16
49f60
What is 8b6495 (base 12) in base 6?
115443105
Convert -10021333021 (base 4) to base 15.
-167c21
Convert 3366041 (base 7) to base 9.
708842
What is 20021020110122 (base 3) in base 12?
11478b2
Convert 15c5b77 (base 13) to base 5.
3300221243
-3322615 (base 8) to base 6
-31100301
Convert -20020611 (base 8) to base 2.
-10000000010000110001001
471db2 (base 16) to base 8
21616662
What is -11000100110101111 (base 2) in base 8?
-304657
What is -181a52 (base 15) in base 7?
-12642206
What is 822b2 (base 16) in base 9?
1002331
Convert 411152 (base 6) to base 9.
48745
Convert 273520 (base 9) to base 16.
28aeb
What is 3537266 (base 8) in base 7?
11133164
What is -158378 (base 9) in base 2?
-10111111011010000
369802 (base 10) to base 4
1122102022
Convert 505938 (base 11) to base 16.
c67f0
150605 (base 7) to base 9
43835
-516345 (base 7) to base 14
-2445c
Convert 52313011 (base 6) to base 11.
947777
-316611 (base 7) to base 5
-3231212
214012044 (base 5) to base 14
1a0406
What is 10280215 (base 9) in base 8?
22713203
What is -b21b (base 15) in base 2?
-1001001011100001
66d1b (base 16) to base 13
1198cc
Convert -43236505 (base 8) to base 3.
-122102021012111
-5ec70d (base 16) to base 3
-102200120100200
Convert -4424166 (base 7) to base 16.
-84d5f
Convert 1231230120 (base 4) to base 9.
754286
-110000110111110101 (base 2) to base 8
-606765
What is 11111111001001010110 (base 2) in base 13?
2a78b8
88287 (base 13) to base 12
ba7a9
What is 3371846 (base 9) in base 5?
431200231
What is 1061667 (base 8) in base 7?
2305456
Convert -21976 (base 11) to base 7.
-161445
-1021384 (base 9) to base 4
-2011031023
-36974 (base 14) to base 16
-209ca
Convert 2020030321 (base 5) to base 11.
2326765
Convert 100100100000010011 (base 2) to base 13.
5309a
4522345 (base 9) to base 5
1110421443
120120100131 (base 4) to base 16
61841d
What is 21412024 (base 5) in base 9?
312118
Convert 29480 (base 16) to base 2.
101001010010000000
What is 931577 (base 15) in base 13?
15aa008
What is -55b53 (base 16) in base 14?
-91d19
What is -2150371 (base 8) in base 12?
-23a449
Convert -110213030233 (base 4) to base 8.
-24471457
-11100101100100010 (base 2) to base 11
-80343
What is 67c286 (base 13) in base 10?
2454497
Convert 148447 (base 9) to base 12.
44b44
Convert -da1c7 (base 14) to base 11.
-330120
What is 2153656 (base 8) in base 6?
20230514
Convert -1736216 (base 8) to base 9.
-852447
What is 1894c (base 15) in base 16?
1376a
Convert 914373 (base 10) to base 13.
260265
Convert 773f5 (base 16) to base 15.
99ac7
What is 5299 (base 13) in base 4?
2302321
What is 1532913 (base 10) in base 7?
16013064
Convert -1303102022 (base 4) to base 5.
-110102302
Convert -1822175 (base 10) to base 6.
-103015555
Convert 72313 (base 8) to base 6.
350231
What is -491105 (base 12) in base 11?
-739479
What is 323934 (base 10) in base 9?
543316
What is 463967 (base 13) in base 7?
20102312
What is 100000000111101100 (base 2) in base 3?
20200110202
15053331 (base 6) to base 2
1111111000100010111
What is -1010111010001000010111 (base 2) in base 6?
-141142343
What is d698a (base 14) in base 6?
15033010
Convert -1421043311 (base 5) to base 3.
-20221111100120
-d850 (base 14) to base 4
-21012332
Convert -451926 (base 10) to base 12.
-199646
What is 900412 (base 11) in base 12?
59b118
What is -21120230323 (base 4) in base 2?
-1001011000101100111011
What is -5bbc0 (base 13) in base 2?
-101001010000011011
Convert -140212413 (base 5) to base 6.
-23120410
What is -1a749 (base 14) in base 5?
-4123133
What is 2443533 (base 8) in base 3?
1021020001011
Convert -10020011110 (base 3) to base 8.
-174067
What is 8532532 (base 9) in base 3?
22121002121002
Convert 3423445 (base 6) to base 3.
22212100102
What is dac168 (base 14) in base 8?
34206700
Convert -11130312 (base 6) to base 12.
-143998
What is -830851 (base 13) in base 6?
-145310501
What is 4a9720 (base 12) in base 13?
338c82
Convert -1453856 (base 10) to base 6.
-51054452
Convert -9a3988 (base 12) to base 16.
-256fb8
What is 3114173 (base 8) in base 13?
22b956
What is -315434 (base 6) in base 3?
-1022111011
What is -100010111000001 (base 2) in base 12?
-a401
What is 15321330 (base 6) in base 4?
2003231112
What is 39b36c0 (base 13) in base 6?
1444515552
409891 (base 13) to base 15
1eb52a
Convert -101332223330 (base 4) to base 16.
-47eafc
Convert -107558 (base 11) to base 8.
-516034
What is -262109 (base 12) in base 10?
-625689
What is 177220 (base 9) in base 13?
3b256
-3387c57 (base 13) to base 12
-537a9a9
What is -6256473 (base 8) in base 6?
-55343403
Convert c6bb (base 14) to base 13.
127a1
65bbd (base 16) to base 5
101313301
Convert -8090 (base 12) to base 2.
-11011001101100
Convert 2565422 (base 7) to base 16.
51f32
-69689 (base 11) to base 4
-120210220
-101100101011011010 (base 2) to base 16
-2cada
What is 457265 (base 8) in base 2?
100101111010110101
Convert -2c6c (base 16) to base 5.
-330442
What is -20b50 (base 13) in base 3?
-2222222220
Convert -162870 (base 9) to base 15.
-1ec09
What is -11744245 (base 8) in base 16?
-27c8a5
128068 (base 9) to base 6
1401225
Convert 254b67a (base 12) to base 3.
111202211211111
-144959 (base 11) to base 4
-313030230
Convert -3100174 (base 8) to base 15.
-112b69
What is 1223670 (base 8) in base 7?
2604660
Convert 400a64 (base 11) to base 2.
10011101100101101100
What is c5848 (base 15) in base 13?
18c077
What is 3045868 (base 9) in base 7?
16545245
What is 1653e (base 16) in base 3?
11122110012
What is -378773 (base 14) in base 11?
-1091954
What is -112133011 (base 4) in base 5?
-10421401
-232b4 (base 15) to base 16
-1b57a
What is 315099 (base 10) in base 13?
b0565
What is -101000101010111011000 (base 2) in base 8?
-5052730
What is 112102011112102 (base 3) in base 16?
74e1d8
Convert -43244321 (base 5) to base 3.
-200201202222
What is -20331230111 (base 4) in base 16?
-23db15
c8aee (base 16) to base 15
11384d
Convert -3513710 (base 8) to base 10.
-956360
What is 4197c (base 14) in base 13?
57077
-21010312 (base 5) to base 6
-3410554
Convert 48a6b9 (base 12) to base 6.
41140353
Convert -77090 (base 15) to base 7.
-3133302
Convert -340404222 (base 6) to base 5.
-3041100041
Convert -53004 (base 16) to base 8.
-1230004
Convert -bdf81 (base 16) to base 8.
-2757601
What is -17ae (base 16) in base 11?
-4611
Convert 200020323 (base 4) to base 6.
2453243
Convert -103251410 (base 6) to base 9.
-3416646
Convert 12210002211 (base 3) to base 6.
2234504
-110101101100101110111 (base 2) to base 14
-33b383
-81d0c (base 14) to base 3
-120212211222
Convert 1000011010100100110 (base 2) to base 15.
56a85
13244420143 (base 5) to base 3
1011121021110211
-1010000100101010001 (base 2) to base 9
-552678
2a0a9 (base 11) to base 8
123327
What is b3b09 (base 16) in base 8?
2635411
What is -213044211 (base 5) in base 6?
-31253430
What is -3c279 (base 13) in base 14?
-2cdc9
223422311 (base 5) to base 16
f3c38
Convert -10a6e (base 16) to base 14.
-1abdc
Convert -123454422 (base 6) to base 8.
-11162616
What is -170888 (base 9) in base 12?
-51208
What is -5003136 (base 9) in base 10?
-2659506
Convert 46612 (base 7) to base 3.
121102011
34204421 (base 6) to base 10
1043005
Convert -c6b25 (base 16) to base 5.
-202020421
-6602153 (base 7) to base 3
-1112000200202
Convert -110020101002010 (base 3) to base 8.
-30634521
What is -10222221121122 (base 3) in base 5?
-1020443010
Convert 1001111000100111100 (base 2) to base 7.
2516213
W